e 78 - ((36 - -8) + 0).
34
2 + (-41 - -17) + 34 + (10 - -1)
23
Evaluate 15 + -2 + (-4 - 2) + -30 + 50 + -18.
9
What is the value of -135 - 32 - 25 - -85?
-107
27 + -30 - 8 - (-50 - (-3 - -7))
43
31 + -14 + (20 - (1 - -16)) - 73
-53
What is the value of 29 + 26 + -64 + -53 + (0 - -2) - 8?
-68
What is -19 + 16 - 16 - (13 + -21)?
-11
(1 - 29) + (124 - 124) + -64
-92
Calculate (30 - 56) + -21 + 14.
-33
-1 + 3 + 12 - ((-1 - -26) + 29)
-40
Evaluate -2 - ((-53 - 8 - -30) + -10).
39
Calculate 18 + -12 + (10 + -37 - 4).
-25
What is -28 + -45 - -182 - 149?
-40
What is the value of -19 + -23 - -79 - 14 - -13?
36
What is -25 + (-32 - (-16 + 34)) + 121?
46
What is the value of -22 - -59 - (82 - 77)?
32
Evaluate -28 + (-1 + 15 - ((6 - 38) + 63)).
-45
24 + (-26 - 0) + (-2 + 51 + 2 - -2)
51
What is the value of 5 - (-24 + 12 - 0 - (-31 + -28))?
-42
What is 9 + (-26 + 0 - (11 + 12 + 1 + -17))?
-24
Calculate (6 - 3) + 0 + 28 - (28 + 2 - 21).
22
Calculate 15 + (-55 - -44) + (4 - 1 - -26).
33
What is the value of -16 - (31 + -9 + -16 + 18)?
-40
Evaluate (-3 - (-4 + (-1 - 1 - 1))) + -10.
-6
What is -5 - (-80 + -73 + 68)?
80
Calculate 12 - ((30 - 16 - -9) + -13).
2
What is -5 + 1 + 5 + (-18 - -14) + -11?
-14
What is the value of 15 - (-588 + 576 + (0 - 0) + 5)?
22
Evaluate (-1 - 20) + (-51 - -37).
-35
What is the value of 2268 - 2262 - (0 - (-4 + 63))?
65
What is (5 - -18) + (-34 - -22) + 43?
54
Evaluate -50 + 38 + -3 - ((37 - 3) + -3).
-46
Evaluate 8 + 9 + -7 - (-4 + 10).
4
What is (-4 - 1 - (92 - 11 - -13) - 8) + -12?
-119
Calculate 31 + -20 - (55 - (10 - (10 + -10))).
-34
What is (32 - 74) + 64 + 31 + 0?
53
Calculate (10 - 9) + 2 + -7 - (8 + 53 + -2).
-63
Evaluate -13 + 20 + -7 + -5 - (6 + 92 + -10).
-93
Calculate -13 + 4 + (-1 - -7) + (90 - 77).
10
Calculate 10 + (54 - (50 - -9)).
5
What is (-21 + 9 - 3) + 42 + 10?
37
Evaluate -8 - 10 - 18 - (-5 + 4 + -5).
-30
What is the value of (-14 - -4) + 0 - (11 - 30) - -52?
61
Calculate -87 + -35 + (266 - 84).
60
Calculate -185 + 88 + (-13 + -6 - -1) + 8.
-107
0 - (-22 + 3) - (1500 + -1492)
11
Evaluate 10 - (-69 - -6 - (-29 - -23)).
67
97 + (87 + -157 - 83)
-56
Calculate 89 - (-95 - (-63 + -31)).
90
Calculate (19 - 4) + (21 - 1) + (61 - 68).
28
Calculate (-31 - -31) + -143 + (-15 - -9).
-149
Evaluate (85 - 71 - (9 + -21)) + -24.
2
Evaluate (-87 + 71 + 26 - (1 + 0)) + 1 + -55.
-45
What is (-5 - (6 - (-16 + 18) - -28)) + (-2 - 3)?
-42
What is the value of -27 + -12 - -49 - ((2 - 0) + 9 + 0)?
-1
What is the value of -60 - (-45 + 7 + -7)?
-15
What is the value of 91 + -1 - ((112 - 79) + -1 + -25)?
83
What is -10 + (35 - 13) + -10 - (37 + 2 + 0)?
-37
Evaluate 21 + -15 + -2 + 0 + 4 - -9.
17
Evaluate (20 + -13 - 58) + 84.
33
What is (-1 + 0 - (72 - 65)) + 12 + -32?
-28
Evaluate 28 + -37 - (1 - -3) - (-2 - -1 - 124).
112
((-15 - -8) + -16 - -7) + 0
-16
What is the value of (77 - (-23 + 39)) + -53?
8
What is the value of -188 - -181 - (-1 - 38) - 106?
-74
(6 - 9 - -13) + (11 - (3 - 7))
25
What is the value of 0 + 6 + -86 + (27 - -26) + -33?
-60
Calculate (-1 - 5) + 29 + -22 + 8 + 22.
31
What is the value of -11 - (-8 + ((-2 - -14) + 6 - (-7 - -21)))?
-7
Calculate (4 + -15 + -4 - (-141 + 60)) + -20.
46
Evaluate -101 + -38 + 149 - (-1 - 3 - (2 - 1)).
15
-63 + 1 - (-49 - -10)
-23
Calculate (9 - -6) + (-39 - (10 - 16 - -14)).
-32
10 + 5 + (-10 - -6) + 4 + -2 - 9
4
Calculate 40 - (-2 + -1) - (5519 - 5353).
-123
What is the value of -191 - (-81 - (-9 - -32))?
-87
What is -8 - (-101 - 36 - -68)?
61
Calculate 21 + 121 + -85 - (3 + -34).
88
Evaluate (1 - 30) + (-332 - -331) + 3.
-27
What is the value of -17 + ((4 - -1) + 6 - 43)?
-49
(51 - 72) + (-17 - 6)
-44
What is the value of -126 + 399 - 95 - 126?
52
Calculate 12 - (1 + 15) - 30 - -122.
88
What is -424 - -427 - (85 + -1 + (41 - 37))?
-85
(9 - 11 - 9) + 4 + (-1 - -3) + -11
-16
What is the value of -41 - (8 + 72 - 54)?
-67
What is the value of (-74 - -297) + -124 - 111?
-12
What is (6 - 3) + -18 - (-1 - -13)?
-27
Calculate -5 + 1 + 18 - (28 - 32).
18
Calculate 6 - ((-73 - (-31 + -72)) + (-1 - 0) + 11).
-34
What is (5 - (-11 - (-16 - 0))) + -15 - 27?
-42
10 + -1 + 6 + 1 + (-50 - (53 - 43))
-44
What is -61 - (-26 + 48 - 25)?
-58
Calculate (7 - 136) + (1 - (0 + 1 - 3)).
-126
-36 - (-263 + (102 - 5))
130
What is the value of -155 + -23 + 49 + (-4 + 2 - 11) - -12?
-130
What is (4 - 50) + -2 - (-1 + (32 - 16))?
-63
6 - (9 + 11) - ((3 - -5) + -11 - 117)
106
Evaluate (-45 - -7 - 53) + 1 + 14 - 21.
-97
Calculate -1 + 0 + -2 - (1 - -3) - (286 - 314).
21
What is the value of 105 + (-67 - 49) - (-1 + 36)?
-46
Calculate (27 - -14) + -33 - 12 - 13.
-17
Evaluate -17 + 0 + (-9 - (-1 - 26 - -13)).
-12
What is (150 + -23 - 125) + -3 + 1 + -4 + 40?
36
(-14 - -22) + -54 + (9 - 18) + 5
-50
Evaluate -6 + ((-4 - 19) + 21 - 14).
-22
What is the value of 13 + -2 + 2 - (130 - 80)?
-37
Evaluate 7 + 4 + -13 + -18 + -1 + -5.
-26
Calculate 7 + (6 - 5) - ((30 - 18) + 23).
-27
What is (82 - (14 + 1)) + -8 - 5 - (-2 + 14)?
42
-4 + 1 - (-5770 + 5798)
-31
(47 - 214) + 152 - (86 - (0 - 0))
-101
What is the value of -20 - ((-42 + 6 - -18) + (22 - -1))?
-25
What is the value of (-7 + 1 - -36) + (-8 - (5 + -6))?
23
What is the value of 85 - 40 - ((34 - 6) + -14)?
31
-141 + 157 + (-2 - 3 - 24)
-13
Evaluate -54 + ((17 - 6 - 31) + 14 - -17).
-43
What is 0 - (24 + -23 + -16 - (8 - -1))?
24
Calculate 18 - 19 - -10 - (-23 + 37).
-5
Calculate 55 + 20 + -10 + -38 + 11.
38
What is (20 - 0) + 49 + -59 + 5 + (82 - -2)?
99
1 + 8 + (-22 - 47) + (3 - 0) + 3
-54
What is -18 - (-13 - -79 - 41 - 64)?
21
What is the value of 33 + (35 - 85) - (-65 - -2)?
46
-6 + 0 + -5 + 0 + -7 + -6 + 20
-4
Evaluate -91 + (0 + 14 - (292 - 278)) - (5 - 3).
-93
Evaluate 12 + -2 + (-54 - (23 + -13)) - -3.
-51
What is -76 + 91 + (11 - (77 - 11))?
-40
Evaluate -89 - -116 - -9 - -41.
77
Evaluate (-1 - (-29 - (-27 - -5)) - -2) + 64.
72
Evaluate (-24 - 0) + (2 - 2) + (910 - (1894 + -985)).
-23
-6 + -3 - (11 + 7 + -21) - -14
8
-14 + (29 - -5) + -63 + 5
-38
Calculate (-47 - -20) + -5 - 2.
-34
39 - 26 - -10 - 32
-9
9 + 11 + -71 + -3 + 0 + 5
-49
Calculate -49 - (-23 + -12 + (2 - -11)).
-27
Calculate -13 + ((-10 - (-11 + 13)) + -38 - -11).
-52
Calculate -31 + (-21 + 12 - (-8 + -12)) + -21.
-41
What is the value of -7 - (-23 + -4) - 48 - 7?
-35
Evaluate 40 - 44 - (7 + 52 + -7).
-56
-1 + 222 - (-2903 - -3048)
76
66 - (135 - (145 + -66))
10
What is the value of 26 + (-19 - -4) + (10 - (2 + (-4 - -78)))?
-55
Calculate -9 + 33 - -4 - 109 - -22.
-59
-21 + (-14 - (-1 - -2 - 11)) + -7 - -10
-22
Calculate -14 + 6 - (-268 - -271).
-11
What is (6 - (17 + (-2 - 84))) + -15?
60
Evaluate -34 - -26 - (-23 - -4).
11
What is the value of 19 + (21 - 74) + ((-5 - -4) + 0 - -7)?
-28
What is the value of -224 - -205 - (1 - -27)?
-47
What is -97 - -175 - (1 + -8 + (-1 - 10 - -6))?
90
What is -121 - -133 - (-2 + (47 - (-2 - -2)))?
-33
What is the value of 25 + 0 - (51 + (-241 - -170))?
45
Evaluate -24 - (8 + -35 - (-7 + -34)).
-38
-8 + (36 - 3) + -34 + 8
-1
What is 12 - (-70 - -34 - -67)?
-19
What is the value of -5 + -7 + 9 + (0 - 4) - 34?
-41
(-1 - -69) + (251 - 297) - 146
-124
Evaluate -5 + -18 + (-14 - (-4 - -2)) - (9 - 0).
-44
Calculate -4 + (4 - -14) + (-48 - -47).
13
Calculate 12 + (-40 + -24 - -146).
94
39 - (-32 + (21 - -60))
-10
What is the value of 34 + 0 + -1 + (-41 - (34 + -70))?
28
Evaluate (-214 - -191) + 13 + 0 - (-5 + 0).
-5
Evaluate -249 + (13 - -90) + 96.
-50
What is the value of (58 + -60 - 37) + 34?
-5
Calculate -4 - 0 - (-1 - (-1 + 1) - (-34 + 23)).
-14
Evaluate -4 + 14 + (0 - 0) + (26 - (12 - -23)).
1
What is 25 - 80 - -147 - (19 + -28 + (0 - -2))?
99
What is the value of 37 - (-11 + -2 - (143 + -137))?
56
Evaluate 7 - 20 - -33 - 26.
-6
Calculate (-3 + 1 - 0) + -9 + (-12 + 42 - 70).
-51
What is (-34 - (-42 - (0 + -51))) + 178?
135
(11 - (44 - 12)) + -66 + 78
-9
Calculate (-4 - (4 + -1)) + -214 + 82 + (2 - 4).
-141
(-64 - -57) + -3 + 50 + -6 + 4
38
What is -3 + 43 + -42 + (-9 - (4 - 1))?
-14
Calculate (-117 - -135) + (-33 - -33) + 2 + 1 + 0.
21
Calculate 17 - (18 - 8 - (-32 - -79)).
54
What is -11 + -2 + (29 + -9 - 26)?
-19
What is (1 - (1 - 0 - 0)) + (-142 - -136) - -18?
12
What is the value of -104 - (-58 + 20 - -17)?
-83
What is -14 + (14 + 1 + -1 + -9 - -94) + -7?